Let i = 328 - 99. Let f = -88 + i. What is the remainder when f is divided by 13?
11
Let x(r) = 9*r - 10 + 40 + 11*r**2 + 8*r - 9*r**2. Let h be x(-16). Let z = -123 + h. Calculate the remainder when z is divided by 30.
27
Suppose -6511 + 65293 = 303*h. Calculate the remainder when 577 is divided by h.
189
Calculate the remainder when (18/(-7))/((-72)/14868) is divided by 89.
86
Suppose -2*j - 632 = 2*s, -4*s + 5*j - 1269 = 4*j. Let i = -274 - s. Calculate the remainder when i is divided by 12.
7
Let g = -1710 + 1808. Suppose 35 = 2*y + 2*c - 33, 0 = 2*y - 4*c - 62. What is the remainder when g is divided by y?
32
Let s = 67 + -45. Let q = -1972 + 2007. Calculate the remainder when q is divided by s.
13
Let k = 25 + 108. What is the remainder when 2917 is divided by k?
124
Suppose q + 2*f + 11 = 0, 4*f + f = -4*q - 47. Let g = q + 10. What is the remainder when 25/75 + 1/(g/(-50)) is divided by 7?
3
Let a be (-3)/(-6)*-79 - (-2)/(-4). Calculate the remainder when ((-63)/6)/(4/a) is divided by 18.
15
Suppose -8*k - 1141 = 1643. Let x = 369 + k. What is the remainder when 216 is divided by x?
6
Let f = 35651 - 35496. What is the remainder when 557 is divided by f?
92
Let r = -4735 - -5522. What is the remainder when r is divided by 4?
3
Let r(t) = 41*t**3 - 2*t**2 - t + 2. Let z be r(1). Suppose 2*y = -8*y + z. Calculate the remainder when y + (-5 - 4) - -23 is divided by 4.
2
Let a = 338 - 330. Let b = -201 + 205. Calculate the remainder when a is divided by b.
0
Let z(p) = 289*p - 853. Calculate the remainder when z(5) is divided by 50.
42
Suppose 4*w = 4*u - 403 + 91, u - 62 = 5*w. What is the remainder when 2870 is divided by u?
0
Let h be 7 + (5 - 4) - (-1 - 0). Suppose -2*w + h*w - 651 = 0. Let g = 147 - w. What is the remainder when g is divided by 19?
16
Suppose 5*m - 149 = 4*s, 79*m + 2*s = 78*m + 27. Calculate the remainder when 87 is divided by m.
0
What is the remainder when 1170 is divided by (438/(-33))/(75/(-825))?
2
Let v = -9488 + 9643. What is the remainder when 9297 is divided by v?
152
Suppose -33*w + 959 - 200 = 0. Let a = 166 + -91. What is the remainder when a is divided by w?
6
Suppose -57 - 143 = 25*v - 75*v. Calculate the remainder when 480 is divided by v.
0
Suppose 5*r + 244 = r + 4*a, 2*a - 320 = 5*r. What is the remainder when -3 + (18*3)/((-44)/r) is divided by 12?
6
Let o(q) = 191*q - 4040. What is the remainder when o(23) is divided by 161?
31
Let k = 75 + -53. Calculate the remainder when -15 + 27 + 17 + 8 is divided by k.
15
Let z be (2184/98)/((-4)/(-14)). Suppose -21*b - 15 + z = 0. What is the remainder when 6 is divided by b?
0
Let j(o) = -o**3 - 24*o**2 + 29*o - 2. Let q be j(-25). Let w = q + 173. Calculate the remainder when w is divided by 41.
30
Let o be (-16)/120 + 2672/15. Suppose -z + 5*k + 87 = 0, 3*z + 17 = -5*k + o. Calculate the remainder when z is divided by (-4 - (-15)/3)/(1/21).
20
Calculate the remainder when (18 + 1048/(-56))/(2/(-2870)) is divided by 231.
101
Let g(n) = 10*n**2 + 15*n + 4. Let r(l) = 2*l**2 + 3*l + 1. Let j(u) = -2*g(u) + 11*r(u). Let s = -391 + 408. What is the remainder when s is divided by j(-2)?
2
Let h = 2831 + -2610. Suppose 3*m + 0*m = 21. What is the remainder when h is divided by m?
4
Let a be (-3 - -1) + ((-84)/(-2))/2. Suppose -2*h - h - 294 = -5*k, -116 = -2*k + 2*h. Calculate the remainder when k is divided by ((-4)/(-5))/(a/190).
4
Let u be 4/(-44)*-13 + (-2)/11. Let v(n) = 8*n**3 - 2*n**2 + 3*n - 1. Let g be v(u). What is the remainder when (-4)/g*(-176 - 0 - -2) is divided by 22?
21
Let w = -43 - -56. Let t(v) = -29 + 12*v**2 - 28*v - w*v**2 + 2*v. Calculate the remainder when 53 is divided by t(-24).
15
Suppose 47*b = -38*b - 49*b + 1876. What is the remainder when 3047 is divided by b?
9
Let z be 394/(-8) + (-2)/(-8). Let d = z + 156. Calculate the remainder when d is divided by ((-1368)/2736)/((-2)/(-72)*-1).
17
Suppose -5*h = 5*k - 5, 2*k + 9 = -4*h + 1. Let g(x) = -14 - x + 6 + 3*x. What is the remainder when 19 is divided by g(k)?
3
Calculate the remainder when 145 is divided by (30 - (-1 - -17))*1/2.
5
Let z = -2837 - -3193. Calculate the remainder when z is divided by 14.
6
Let j be 64/(-1) - (-19)/((-19)/8). Suppose 2*f = 5*x - 755, -2*f - x = -5*f - 1152. What is the remainder when f/(-9) - 16/j is divided by 6?
1
Let p(t) = 64*t - 2. Suppose -4*h - l = -92, -3*h = -4*l - 31 - 19. Calculate the remainder when p(2) is divided by h.
16
Let i(p) = -6*p - 4. Calculate the remainder when i(-4) is divided by (6732/72 - 80)/(18/20).
5
Let w(g) = -3*g**2 + 39. Let a(n) = n**2 + 3*n - 1. Let b(y) = -2*a(y) - w(y). What is the remainder when 9 is divided by b(10)?
0
What is the remainder when 78 is divided by ((-6)/(-18)*-33)/((-14)/98)?
1
Let q(b) = -11*b - 30. Let o = 93 + -102. Calculate the remainder when q(o) is divided by 25.
19
Let u = 1453 + -1417. Calculate the remainder when 755 is divided by u.
35
Let g = 125 - 119. Let r(l) = -l**3 + 7*l**2 + 6*l - 21. Calculate the remainder when 201 is divided by r(g).
48
Suppose -5*k = -3*y - 26, -298*y = 4*k - 291*y - 49. Calculate the remainder when 1313 is divided by k.
4
Let j(p) = 4*p**3 - 2*p**2 + p + 1. Let i = 4189 - 4056. Calculate the remainder when i is divided by j(2).
25
Let x(b) = b**3 - 14*b**2 + 16*b - 44. Let o be x(14). What is the remainder when (-144)/o + (-714)/(-15)*3 is divided by 24?
22
Let m(t) = -3*t**2 - 12. Let h be m(5). Let p = h - -230. What is the remainder when p is divided by 36?
35
Let v(p) = 94*p + 190. Calculate the remainder when v(2) is divided by 104.
66
Let p = 2392 + -2388. Suppose -h + 35 = 4*g - 38, 202 = 3*h - 5*g. What is the remainder when h is divided by p?
1
Let m(q) = -209*q - 1913. What is the remainder when m(-11) is divided by 188?
10
Suppose 2*s = -5*o, 0 = -2*s + 7*s - 3*o. Suppose s = -3*w - 3*i, -5*i = -w + 4 + 20. Suppose -8 = -3*m + 46. Calculate the remainder when m is divided by w.
2
Let o(m) = 3*m**3 - 162*m**2 + 13*m - 90. Calculate the remainder when o(54) is divided by 34.
0
What is the remainder when (-27 - 1554)/((-3)/1) is divided by 19?
14
Suppose 71*x + 27*x = 89866. Calculate the remainder when x is divided by 22.
15
Let q = 439 - 836. Let c = 751 + q. What is the remainder when c is divided by 89?
87
Suppose -16 = 2*q, -a + 1035 = -4*q - 3593. What is the remainder when a is divided by 40?
36
Calculate the remainder when 40*((-756)/16)/(-27) is divided by 51.
19
What is the remainder when 665 + -72*32/(-144) is divided by 34?
1
Suppose -m = -6, -46074 = -6*d + 13*m - 15*m. What is the remainder when d is divided by 40?
37
Let c(g) = 2*g**3 + 171*g**2 + 2381*g + 164. Calculate the remainder when c(-68) is divided by (-2)/9 - (-184)/18.
6
Let n = 1631 + -1570. What is the remainder when (28/5)/(4/120) is divided by n?
46
Let n(d) = d**2 - 30*d + 43. Let c(x) = x**2 - 32*x + 44. Let i(w) = 2*c(w) - 3*n(w). What is the remainder when i(20) is divided by 42?
37
Suppose 0 = -13*j + 19497 + 11002 + 22502. What is the remainder when j is divided by 204?
201
Suppose -8 = -3*q - 2. Let y(d) = -d**3 - d**2 + 2*d + 7. Let z be y(-3). Suppose z*u = 24*u - 40. Calculate the remainder when u is divided by q.
0
Suppose 5*i - 90 = 5*y, -2*i - 4*y + 9*y = -27. Let v(p) = -p**3 + 11*p**2 - 17*p + 3. Calculate the remainder when v(7) is divided by i.
17
Calculate the remainder when ((-395)/15)/((-3)/9) is divided by (7 + (-4)/(-4))*(-19)/(-4).
3
Let q = -139 - -241. Suppose 90*u = q*u - 552. Calculate the remainder when 229 is divided by u.
45
Let j(l) = -l**3 - 13*l**2 + 114*l + 3. Let u be j(-19). Suppose -d + 46 = -u*a, 9*d - 4*a - 208 = 4*d. Calculate the remainder when 519 is divided by d.
39
Let k(p) = p**3 - 10*p**2 - p. Let t be k(9). Let s = t - -142. Suppose -3*f = -3, -4*r = -2*r - 4*f - s. Calculate the remainder when r is divided by 16.
12
Let x(p) = 4*p - 21. Let i = 144 - 78. Suppose 7*k + i = 171. What is the remainder when x(16) is divided by k?
13
Let u(v) = -v**3 - 40*v**2 + 102*v - 612. What is the remainder when u(-53) is divided by 122?
121
Let i(v) = -2*v**2 - 138*v - 756. What is the remainder when i(-51) is divided by 136?
128
Suppose 37 + 39 = 4*t. Suppose 10*v - t = 151. Calculate the remainder when v is divided by 6.
5
Let b 